 0*p = b - 5*p + 8. Let v = 12 + b. Let h = 5 - -5. What is the remainder when v is divided by h?
9
Let j(u) = -u**3 - 8*u**2 - 9*u + 3. Suppose -3*k - 2*s + 4*s + 189 = 0, 2*k = s + 127. What is the remainder when k is divided by j(-7)?
14
Suppose 3*n - 10 = 5. Suppose 12*x + 330 = 426. What is the remainder when x is divided by n?
3
Suppose 90 = 2*h - 7*h. Let i be ((-6)/h)/(2/570). Suppose 2*v - 7*v = -i. Calculate the remainder when v is divided by 10.
9
Suppose -4*i + 34 = 5*n, n + 14 = 4*n + 4*i. Calculate the remainder when n is divided by 3.
1
Suppose -5*h - p - p = -4, 4*p = 2*h - 16. Suppose 6*u - 8*u = -24. Let r = -5 + u. Calculate the remainder when r is divided by h.
1
Let v(a) = -a**3 + 13*a**2 - 9*a - 10. Calculate the remainder when v(12) is divided by 14 + -1 + 0 + 1.
12
Let v = 195 + -157. Calculate the remainder when 88 is divided by v.
12
Suppose 3*m + 2*i + 186 = 7*m, 2*m = 5*i + 113. Suppose m = y + 2*r, -y - 5 + 28 = -5*r. Calculate the remainder when y is divided by 13.
12
Suppose g - 23 = -5*f, g + 5*f = 4*g - 9. What is the remainder when 23 is divided by g?
7
Suppose 0 = -d - 2*l + 43, 2*d + 2*l - 76 = 0. Calculate the remainder when 63 is divided by d.
30
Let r be (-2)/((-5)/(5/(-2))). What is the remainder when 1 + (r + 0 - -19) is divided by 7/(-1 - 1 - -3)?
5
Let m = 46 + -27. Calculate the remainder when 91 is divided by m.
15
Suppose 5*i = -2*r + 118 + 98, 4*r - 432 = 3*i. Suppose 5*j = 3*j + r. Calculate the remainder when j is divided by 14.
12
Suppose k - 10 = 3*g, -g + 7 = 4*k - 7. Let u = -7 - -5. Let h = u + 4. What is the remainder when k is divided by h?
0
Let i(d) = -4*d**3 - 4*d**2 - 3*d + 2. Let u be i(-3). Suppose -u = -4*k - 19. Calculate the remainder when 62 is divided by k.
14
Suppose 0 = 3*p - 2*d - 98, -5*p + 3*d + 2*d = -170. Suppose 5 = 4*z - 3*v, -5*v = 3 - 8. Suppose 3*r = z*r + 16. What is the remainder when p is divided by r?
14
Suppose -f + 22 - 2 = 0. Suppose -2*y + 106 = -f. Calculate the remainder when y is divided by 22.
19
Let b = -17 - -32. Let g = 19 + -13. Calculate the remainder when b is divided by g.
3
Let p = -8 + 23. Suppose 2*v = 3*v - 44. What is the remainder when v is divided by p?
14
Let s(k) = k**2 + 2*k + 1. Let m be s(-1). Suppose 0 = -4*g - m*g + 52. What is the remainder when 25 is divided by g?
12
Suppose -4*i + 0*i = -5*g + 46, -4*g = -5*i - 35. What is the remainder when g is divided by 6?
4
Let d = 12 + -65. Let o = -38 - d. Calculate the remainder when o is divided by 9.
6
Let y be 1/(-3) - 57/(-9). Suppose -p + 5 = z, 0*p = 2*z + p - y. What is the remainder when 2 is divided by z?
0
Let c = -17 + 27. What is the remainder when 79 is divided by c?
9
Suppose -4*f + 105 = 3*t, 70 = -2*f + 4*f - 2*t. Calculate the remainder when f is divided by 11.
8
Let a(k) = -k**2 - 6*k - 1. Let y be a(-6). Let h = -47 + 77. Calculate the remainder when h is divided by (3 + y - -2)*4.
14
Suppose 0 = 3*r - 57 + 9. Suppose 0 = 2*f + 2*f - r. Calculate the remainder when f is divided by (6/(-10))/(2/(-10)).
1
Let k = 12 + -9. Let c = 1 - -8. Calculate the remainder when k is divided by ((-1)/3)/((-1)/c).
0
Suppose -4*x + 14 = -2, -5*x - 4 = 3*r. Let m = -6 - r. Calculate the remainder when m is divided by 1.
0
Let c(w) = 4*w**2 + w + 3. What is the remainder when 67 is divided by c(-3)?
31
Let l(r) = -2*r - 11. Calculate the remainder when 1 is divided by l(-6).
0
Suppose -3*t - 134 = -8*t - 3*s, 4*t - 88 = 4*s. Suppose -4*g = -99 - 185. Calculate the remainder when g is divided by t.
21
Let p = 4 + 2. Let g be (-2)/4 - (-15)/p. Suppose k - 2*k + 27 = 4*v, -g*v - k + 15 = 0. What is the remainder when 11 is divided by v?
5
Let o(a) = a - 8. Calculate the remainder when 27 is divided by o(11).
0
Let i(t) be the second derivative of -t**3/6 + 3*t**2 - 11*t. Let q(a) = -a**2 - 7*a - 6. Let o be q(-6). Calculate the remainder when 17 is divided by i(o).
5
Let g(t) = -t + 10 - 9 - 2*t + t**2. Let b be g(-7). Let c = b + -50. What is the remainder when c is divided by 11?
10
Let c(r) = -11*r. Let h = -127 + 140. Calculate the remainder when c(-2) is divided by h.
9
Let t(u) = -u**3 + 11*u**2 + 3*u - 13. What is the remainder when t(11) is divided by 15/2 - 3/6?
6
Suppose -2*r = -4*i - 4*r - 2, 15 = 5*i - r. What is the remainder when 2 - -2 - 3/(-1) is divided by i?
1
Let n = -7 - -83. Suppose n = 3*g + 2*g + 3*d, 0 = -3*d + 6. What is the remainder when 25 is divided by g?
11
Suppose 0 = 2*j - 25 + 3. Calculate the remainder when j is divided by 7.
4
Calculate the remainder when (1 - 4) + -65*8/(-20) is divided by 13.
10
Let y(w) = w + 10. Let b be y(-7). Suppose -b*z = 5*u - 42, 0*u + 2*z = -2*u + 20. Calculate the remainder when 17 is divided by u.
5
Suppose -10*q + 0*q = -90. Calculate the remainder when 16 is divided by q.
7
Let k(n) = 4*n - 15. Suppose 0 = -4*u - 4*y + 3*y + 272, -4*y = -3*u + 185. Calculate the remainder when u is divided by k(8).
16
Let v(b) = b**3 - 3*b**2 + 3*b + 2. Let y(p) = -4*p - 4. Calculate the remainder when v(4) is divided by y(-5).
14
Let j(p) = 9*p**2 - 5*p + 4. Let r be j(2). Let i = 123 - r. What is the remainder when i is divided by 32?
29
Suppose -679 = -11*t - 195. Calculate the remainder when 83 is divided by t.
39
Let z be 44 - (-2*1)/(-1). Suppose 0 = -t + z - 11. Let o(w) = -4*w - 12. Calculate the remainder when t is divided by o(-7).
15
Suppose -32 = -4*m + 4*t, 4*m - 17 - 9 = t. Suppose 5*a = 2*a - 3*h + 39, -2*h + 4 = 0. Calculate the remainder when a is divided by m.
5
Suppose 5*r = -15, -3*z + 4*r + 37 = 2*z. Suppose 22 = 3*h - z. Calculate the remainder when 25 is divided by h.
7
Calculate the remainder when 986/4 + -5 + (-65)/(-10) is divided by 25.
23
Let m(f) = 5*f**2 - 2*f**2 - f**3 - 4*f**2 - 1 + 3*f + f. Let j be m(-3). Let y = 43 - j. What is the remainder when y is divided by 20?
18
Let p(x) = x**3 - 2*x**2 + x. Let b be p(2). Suppose -s - 27 = -b*s. What is the remainder when s is divided by 10?
7
Let g = 96 + -20. Calculate the remainder when g is divided by 16.
12
Let u(q) = 6*q - 4. Calculate the remainder when 25 is divided by u(2).
1
Let z(x) = 6*x**2 + 3*x + 3. What is the remainder when z(2) is divided by 24?
9
Let w = -34 - -111. Calculate the remainder when w is divided by 26.
25
Let y = -30 + 71. Calculate the remainder when 80 is divided by y.
39
Let n be (-3)/((-12)/(-8)) + 2. Suppose 4*z - 24 - 8 = n. Calculate the remainder when z is divided by 5.
3
Let x = 4 + -7. Let p = 1 + x. Calculate the remainder when 32 is divided by ((-44)/(-16))/(p/(-8)).
10
What is the remainder when (-3)/(((-9)/(-168))/(-1)) is divided by 10?
6
Suppose 2*v - 28 = -5*o, 7 + 13 = 4*o + 4*v. Calculate the remainder when 10 is divided by o.
4
Calculate the remainder when 17 is divided by (3 + 1 - -7)/1.
6
Suppose 4*s + 182 - 70 = 0. Let l = -17 - s. Calculate the remainder when 2/(-14) - (-2516)/119 is divided by l.
10
Let b = 13 + -10. What is the remainder when 10 is divided by b?
1
Suppose -f + 10 = -1. Calculate the remainder when 39 is divided by f.
6
Suppose 3*u - 8 = -29. Let b = 11 + u. Calculate the remainder when 11 is divided by b.
3
Suppose 0 = -c, -2*a - 4*c = -7*c - 28. Calculate the remainder when a is divided by 5.
4
What is the remainder when 139 is divided by (-10)/8*(0 + -28)*1?
34
Suppose -4*j - 7*j + 77 = 0. What is the remainder when (-178)/(-10) - (-1)/5 is divided by j?
4
Let z(u) be the third derivative of 2*u**2 + 0 + 0*u - 1/3*u**3 + 1/6*u**4. Calculate the remainder when z(6) is divided by 8.
6
Let g(y) = -y**3 - y + 14. Let j be g(0). Suppose -j = 5*o - 124. What is the remainder when o is divided by 12?
10
Let m(z) = -z**2 + z + 10. Let c = 65 + -26. What is the remainder when c is divided by m(0)?
9
Calculate the remainder when (-184 - 2)/((6 - 0)/(-3)) is divided by 14.
9
Let h(r) = -13*r - 1. Let m be h(-1). Let w = m - 2. What is the remainder when 17 is divided by w?
7
Let m(k) = k - 20. Let f be m(11). What is the remainder when 47 is divided by 0 + 2 - (f + -1)?
11
Suppose 2*a = 2 - 0. Suppose -25 = -3*j - 2*l + 7, 2*j = -5*l + 36. Suppose -j = -y - a. What is the remainder when y is divided by 4?
3
What is the remainder when (33*-1)/(15/(-10)) is divided by 8?
6
Suppose -27 = 4*c + i + 25, 0